hat is the units digit of s?
4
Suppose -d - 23 = -22. Let f be -2 + (1 - 1) + -1. What is the units digit of (0 - f - 17)*d?
4
Let r = 213 + 302. What is the hundreds digit of r?
5
Let m(c) = -7*c - 71. Let p be m(-18). Suppose -2*t - 13 = -4*q - p, -2*t + q = -27. What is the units digit of t?
1
Let s = 7 - -23. Let x = -27 + s. Suppose l = 2*l - 5*u - 31, -l + x*u = -29. What is the tens digit of l?
2
Suppose 2768 + 3623 = 7*p. What is the hundreds digit of p?
9
Let m(f) = f + 1. Let g(t) = 4*t + 0*t - 7 + 10. Let o(u) = -6*g(u) + 22*m(u). What is the units digit of o(0)?
4
Let f be -12 + (15/(-5) - -3). What is the units digit of 3*((-112)/f)/7?
4
Let g be ((-14)/(-4))/((-8)/(-16)). Suppose 3*y - 16 = -g. Suppose -3*p - 33 = -y*h, -h = 3*h - 3*p - 41. What is the units digit of h?
8
Let j = 11 - 3. Let z(l) = -3*l + 7. Let a be z(3). What is the units digit of (-9)/(-18)*(j - a)?
5
What is the hundreds digit of ((-1608)/(-30))/((-10)/(-175)) - 0?
9
Suppose -5*a + 434 = j - 6*a, 3*a = 4*j - 1732. Let k = -240 + j. What is the units digit of k?
0
Let x(o) = 28*o + 6. Let c be x(-2). What is the tens digit of (-2)/(-6)*0 - c?
5
Suppose 574 = k - 3*t - 953, -5*k + 7648 = -2*t. What is the hundreds digit of k?
5
Let f(h) = h**2. Let r be f(-2). Suppose r*s + 80 = x, 3*s - 7 + 54 = 4*x. What is the units digit of (-1)/((12/4)/s)?
7
Let p(x) = x**3 + 14*x**2 + 7*x + 22. Let b(o) = -o**3 - 15*o**2 - 7*o - 23. Let u(w) = 3*b(w) + 2*p(w). What is the units digit of u(-17)?
4
Suppose x - 8 = -11. Let j be x*(-2)/2*1. Suppose 12 = -j*m, 0*p - 49 = -5*p + m. What is the units digit of p?
9
Suppose 0*d + 3*d = 3159. Suppose -9*c - 252 + d = 0. What is the tens digit of c?
8
Let q(w) = 3*w**3 + 5*w**2 - 1. Let r(z) = -z**3 + z**2 - z + 1. Let k(j) = -q(j) - 2*r(j). Let s = 57 + -65. What is the units digit of k(s)?
7
Suppose -5*q - 2*l - 50 = 0, 2*q + l + 21 = -0*q. Let r(h) = h**3 + 6*h**2 - 18*h + 14. What is the tens digit of r(q)?
3
Suppose -4*q = 2*r + q - 11, -4*r + 14 = 2*q. Let b(a) = a - 1. Let m be b(r). Suppose 3*h = -6*u + 2*u + 80, m*h - 100 = -5*u. What is the units digit of u?
0
Let p(d) = 4*d - 10. Let m be p(10). Suppose m*b = 27*b + 75. Suppose i + b = 70. What is the tens digit of i?
4
Suppose 2*a + 6 = 4*k, 2*k - a - 28 = -5*a. Suppose 0 = k*y - 111 + 7. What is the tens digit of y?
2
Let m = 9 - 9. Suppose m = -4*y + 89 + 43. What is the units digit of y?
3
Suppose r - 10*r = -702. Suppose 0*q = -6*q + r. What is the tens digit of q?
1
Let p = 596 + 2208. What is the thousands digit of p?
2
Let i(w) = -w**3 + w**2 - w - 1. Let n be i(0). Let g be 11*1/(-1)*n. Let j = -4 + g. What is the units digit of j?
7
Suppose -k = 4 + 1, -4*v + 37 = -5*k. Suppose 0*b = -q - b + 16, -v*q + 36 = -3*b. What is the tens digit of q?
1
Suppose 0 = 4*k + x + 132, 3*x + 0*x + 76 = -2*k. Let l = -28 - k. Suppose 0*v - 140 = -l*v. What is the tens digit of v?
3
Let t = 30 + -25. Suppose -t*u = -20, 0 = -2*n + u + 13 + 5. What is the tens digit of n?
1
Suppose j = -2*f + 464, -15*f = -14*f - 1. What is the tens digit of j?
6
Let y be (2 - 3)/(-3)*3. Let n(j) = 147*j**3 + 2*j**2 - j. What is the tens digit of n(y)?
4
Suppose 3*w + w - 2*u - 15116 = 0, -w = u - 3785. What is the hundreds digit of w?
7
Let v = 0 + 13. Let p = v + 8. Suppose 50 = d - 2*t, 20 = d + t - p. What is the units digit of d?
4
Suppose -2*g = -5*i + 3*g + 15, 0 = 5*i + 2*g - 8. Suppose -21 = -i*b - 13. What is the units digit of b?
4
Suppose 3*n + q = -2*q + 135, -2*n + 86 = -2*q. Suppose -5*d + 20 = 5*s, -3*d - 2*d - n = -3*s. What is the units digit of s?
8
What is the hundreds digit of (3 - -2 - 91)*-4?
3
Suppose 4*j - 2*t - 27 = t, 3*j - 4 = -t. Suppose 7*v - 788 = j*v. What is the tens digit of v?
9
Suppose 9*h - 6 = -33. Let x(l) = l**3 - 2*l**3 - l**3 - l**2. What is the units digit of x(h)?
5
Suppose 5*q + 270 = 10*q. Suppose 0 = 3*c - q - 165. What is the tens digit of c?
7
Suppose 0 = -3*c + 3*n + 12582, -15*n - 8385 = -2*c - 16*n. What is the hundreds digit of c?
1
Let c = 648 - 213. What is the units digit of c?
5
Suppose -2 = 2*n + 3*x, 5*n - 2*x = -6*x + 2. What is the tens digit of 74 + (1 - n - -3)?
7
Suppose 3*b - 5*w = b - 10, -w = 0. What is the tens digit of (-303)/b + 168/(-30) + 6?
6
Let k be (-219)/15 + (-5)/((-25)/(-2)). What is the tens digit of (k/9)/((-3)/171)?
9
Let n(x) = 0*x + 24 - x + 11 + x**2 + 2*x. What is the tens digit of n(0)?
3
Let x(o) = -5*o**2 + 7*o**2 + 4*o - o - 8 - 4*o. What is the tens digit of x(6)?
5
Let g = 1318 + 1161. What is the tens digit of g?
7
Let y(h) = 3*h**2 + 7*h - 49. What is the tens digit of y(-8)?
8
Suppose 4*l - 528 = 2*b, -3*b + 127 = l - 6*b. What is the units digit of l?
3
Suppose -28*x - 10 = -27*x. Let g(w) = -15*w + 6. What is the hundreds digit of g(x)?
1
Let c = 116 - 109. Let g(l) = 3*l**3 - 17*l**2 - l. What is the hundreds digit of g(c)?
1
What is the tens digit of 6440/(-35)*2/(-1)?
6
Suppose 46*w - 38*w - 30208 = 0. What is the tens digit of w?
7
Let s(j) = 3*j**3 - 49*j**2 - 14*j - 29. What is the hundreds digit of s(18)?
3
Let a = 3 + -8. Let q(b) = -5*b + 4 - 6*b**2 - 6*b**2 + 11*b**2. What is the units digit of q(a)?
4
Let f(l) = -l**3 + 28*l**2 - 23*l - 59. What is the tens digit of f(27)?
4
Suppose 4 - 28 = -5*u - 4*g, -3*g - 13 = -4*u. Let a(o) = -7*o - 1. Let d be a(-3). Suppose 0*k = -m - 5*k - 1, d = -u*k. What is the units digit of m?
4
Let z(m) = 7*m - 17. Suppose -5*x = 4*s - 40 - 2, -x + 12 = 2*s. What is the tens digit of z(x)?
2
Let g be 2 - (-4 + (-4)/4). Let i(u) = 2*u**2 - 11*u + 4. Let q(s) = s + 1. Let k(x) = i(x) + 3*q(x). What is the tens digit of k(g)?
4
What is the tens digit of (-1)/((-2)/916) - (-15 + 18)?
5
Let y be (2 - 4)*18/(-4). Suppose y = -5*s + 29. Suppose 0 = 2*a + 2*a - 3*p - 17, -4*p - 4 = s*a. What is the units digit of a?
2
Let b(s) = 2*s**2 - 3*s - 1. Let n be b(3). Let f = n + -5. Suppose f*w = -w + 56. What is the tens digit of w?
1
Suppose -7*u - 6 = -3*u + 2*q, 0 = u + q + 2. Let i be (1 + u + 1)*0. Suppose -7*p + 3*p + 20 = i. What is the units digit of p?
5
Let a be (-1 + (-8 - -3))/(4/(-14)). Let q(r) = -24*r - 3. Let k be q(-5). Suppose -3*v + k = -a. What is the units digit of v?
6
Suppose 0*f - 5*f + 20 = 0, -2*h - 4*f = -576. What is the tens digit of h?
8
Let q(f) = 2*f**2 - 7*f - 7. Let d be q(-6). Suppose -d + 11 = 3*w. What is the tens digit of ((-90)/(-4))/((-24)/w)?
3
Suppose 3*d = 5*s + 806 + 523, -2*s - 4*d = 516. What is the units digit of (-21087)/s + 2/16?
0
Suppose 1925 = -11*k + 15*k - u, k = u + 479. What is the units digit of k?
2
Suppose -11*b + 16 = -17. Suppose b*t + 3*o - o = 184, -3*t - 3*o = -183. What is the tens digit of t?
6
Suppose -13 = 4*u - 1, 6*o = 4*u + 9414. What is the hundreds digit of o?
5
Let l = 3628 - 2230. What is the tens digit of l?
9
Let d(c) = 3*c + c + c - 2*c + 9. Let b(g) = -6*g - 19. Let i(x) = 2*b(x) + 5*d(x). What is the tens digit of i(6)?
2
Let a = 616 + -377. What is the tens digit of a?
3
What is the hundreds digit of (-4)/10*-1 + (-24825)/(-125)?
1
Let h = -4 - -6. Let b be -1*0*(-1)/(-2). Suppose b*o = h*o - 20. What is the units digit of o?
0
What is the tens digit of (6/(-12))/((-3)/2412)?
0
Let l(q) = q**3 + 14*q**2 - 16*q - 6. Let w be l(-15). Let x be -4*((-558)/(-4))/(-9). Suppose 11*b - x = w*b. What is the tens digit of b?
3
Let q(k) = -k**3 + 5*k**2 - 7*k - 8. Let o be q(4). Let b = 128 - o. What is the tens digit of b?
4
Suppose -1048 = -5*u - 4*d, -u + 101 + 109 = d. Suppose -6*s - u = -640. What is the units digit of s?
2
Suppose -m = -2*p + 1, 0*m + 2*p = -4*m + 26. Suppose -m*t + 83 = -2*v, 2*v = -2*t + t + 7. Let i = 21 - t. What is the units digit of i?
6
Suppose -82 = -10*h + 5838. What is the hundreds digit of h?
5
Let o = -24 + -85. Let k = 193 + o. Suppose 0 = 3*d - 117 - k. What is the tens digit of d?
6
Suppose -826 = -4*q - 270. Let j = 214 - q. What is the tens digit of j?
7
Let q be 4/((-8)/6) - -110. Suppose 7*w - 68 = q. What is the tens digit of w?
2
Let z be 148/(-28) - (-4)/14. Let q = 5 + z. What is the units digit of (q/2 + -25)*-1?
5
Let a(b) = -8 + 10 + 20 - b + 18. What is the tens digit of a(-9)?
4
Suppose -143 = -2*i - 2*f + 199, 0 = -f + 2. What is the units digit 